actor of 6275 and 1506?
251
Calculate the highest common divisor of 249 and 664.
83
Calculate the highest common divisor of 959 and 70.
7
What is the greatest common divisor of 115 and 580?
5
What is the greatest common divisor of 576 and 504?
72
Calculate the highest common factor of 253 and 44.
11
What is the greatest common factor of 6557 and 249?
83
Calculate the greatest common divisor of 6556 and 4.
4
What is the highest common factor of 21 and 21?
21
What is the greatest common factor of 3795 and 45?
15
What is the highest common factor of 26 and 1?
1
What is the greatest common factor of 469 and 476?
7
Calculate the greatest common factor of 44 and 110.
22
Calculate the greatest common divisor of 648 and 6.
6
What is the greatest common divisor of 102 and 3534?
6
What is the greatest common factor of 46 and 253?
23
What is the greatest common factor of 3180 and 20?
20
Calculate the highest common divisor of 85 and 5287.
17
Calculate the greatest common divisor of 13 and 9152.
13
Calculate the greatest common divisor of 147 and 490.
49
What is the greatest common factor of 1020 and 240?
60
Calculate the highest common divisor of 112 and 868.
28
Calculate the greatest common divisor of 240 and 64.
16
Calculate the highest common divisor of 29 and 15138.
29
Calculate the greatest common divisor of 7 and 154.
7
What is the greatest common factor of 104 and 1160?
8
What is the highest common factor of 16458 and 78?
78
What is the greatest common divisor of 4380 and 120?
60
Calculate the greatest common divisor of 273 and 84.
21
What is the highest common divisor of 24 and 45996?
12
What is the greatest common divisor of 34 and 646?
34
What is the greatest common divisor of 1496 and 4114?
374
Calculate the highest common divisor of 2970 and 110.
110
Calculate the greatest common factor of 48 and 51.
3
Calculate the greatest common factor of 9 and 72.
9
Calculate the greatest common divisor of 9658 and 88.
22
Calculate the highest common factor of 140 and 36.
4
Calculate the highest common factor of 2244 and 176.
44
What is the greatest common divisor of 856 and 107?
107
Calculate the greatest common divisor of 7 and 161.
7
What is the highest common factor of 61 and 1037?
61
What is the greatest common factor of 12925 and 825?
275
Calculate the greatest common divisor of 256 and 3184.
16
What is the highest common factor of 380 and 20?
20
Calculate the highest common factor of 43876 and 28.
28
What is the greatest common divisor of 231 and 182?
7
What is the highest common factor of 30 and 710?
10
Calculate the greatest common divisor of 11205 and 45.
45
What is the highest common factor of 7 and 3787?
7
Calculate the highest common factor of 6 and 2274.
6
What is the greatest common divisor of 33 and 3?
3
Calculate the greatest common divisor of 22 and 3003.
11
What is the highest common divisor of 216 and 384?
24
Calculate the highest common divisor of 585 and 2115.
45
What is the greatest common divisor of 287 and 164?
41
What is the greatest common factor of 2100 and 36?
12
What is the highest common divisor of 2358 and 18?
18
Calculate the highest common factor of 204 and 876.
12
What is the highest common divisor of 4 and 14?
2
What is the highest common factor of 410 and 15?
5
Calculate the highest common factor of 126 and 13986.
126
Calculate the highest common divisor of 28 and 15344.
28
Calculate the greatest common factor of 825 and 90.
15
Calculate the greatest common divisor of 403 and 62.
31
Calculate the greatest common factor of 12 and 9.
3
Calculate the greatest common divisor of 14 and 66.
2
What is the greatest common factor of 22 and 2398?
22
What is the greatest common divisor of 8 and 26?
2
Calculate the highest common divisor of 336 and 8232.
168
What is the highest common divisor of 144 and 1368?
72
Calculate the highest common divisor of 8901 and 18.
9
What is the highest common divisor of 56 and 141456?
56
Calculate the highest common factor of 8 and 4688.
8
What is the greatest common factor of 1364 and 33?
11
What is the highest common divisor of 80 and 50?
10
Calculate the highest common divisor of 598 and 104.
26
What is the highest common divisor of 80 and 60?
20
What is the highest common factor of 1249 and 1?
1
What is the greatest common divisor of 15 and 735?
15
Calculate the highest common divisor of 14 and 20622.
14
What is the highest common factor of 210 and 42?
42
Calculate the highest common divisor of 315 and 18.
9
Calculate the highest common factor of 319 and 77.
11
What is the highest common divisor of 480 and 864?
96
What is the greatest common factor of 4112 and 16?
16
What is the highest common factor of 363 and 209?
11
Calculate the greatest common divisor of 36337 and 203.
203
What is the greatest common divisor of 6504 and 48?
24
What is the greatest common divisor of 16 and 448?
16
What is the greatest common divisor of 304 and 19?
19
Calculate the highest common factor of 24 and 186.
6
Calculate the greatest common factor of 342 and 3534.
114
Calculate the greatest common divisor of 110 and 66.
22
What is the greatest common divisor of 48 and 30?
6
What is the greatest common divisor of 448 and 406?
14
Calculate the highest common divisor of 75 and 930.
15
Calculate the greatest common factor of 2146 and 58.
58
What is the greatest common divisor of 120 and 1995?
15
Calculate the highest common divisor of 1216 and 8.
8
Calculate the highest common factor of 23 and 851.
23
What is the highest common divisor of 56 and 588?
28
What is the highest common factor of 99 and 6633?
99
Calculate the greatest common factor of 14 and 182.
14
Calculate the greatest common divisor of 3 and 33.
3
What is the highest common divisor of 6402 and 6?
6
What is the highest common factor of 8 and 300?
4
Calculate the highest common divisor of 2198 and 2983.
157
What is the greatest common divisor of 4 and 908?
4
Calculate the highest common factor of 1182 and 6.
6
What is the highest common divisor of 3822 and 78?
78
What is the greatest common divisor of 95 and 171?
19
What is the highest common factor of 893 and 423?
47
Calculate the highest common factor of 495 and 780.
15
Calculate the greatest common factor of 207 and 21.
3
Calculate the greatest common divisor of 159 and 8.
1
What is the highest common divisor of 49 and 231?
7
What is the greatest common divisor of 91 and 287?
7
What is the greatest common divisor of 472 and 59?
59
Calculate the highest common factor of 5543 and 23.
23
What is the highest common divisor of 78 and 1118?
26
What is the greatest common divisor of 488 and 1891?
61
What is the highest common factor of 24 and 444?
12
What is the highest common divisor of 3762 and 110?
22
Calculate the highest common factor of 4832 and 2718.
302
Calculate the highest common divisor of 366 and 14457.
183
Calculate the highest common divisor of 24 and 1569.
3
What is the greatest common factor of 126 and 2304?
18
What is the greatest common divisor of 156 and 1066?
26
Calculate the highest common factor of 9 and 117.
9
What is the highest common factor of 609 and 21?
21
Calculate the highest common divisor of 410 and 10.
10
What is the greatest common divisor of 437 and 92?
23
Calculate the highest common divisor of 86 and 2150.
86
What is the highest common divisor of 260 and 195?
65
Calculate the greatest common divisor of 1395 and 124.
31
Calculate the greatest common factor of 243 and 216.
27
Calculate the greatest common divisor of 4826 and 38.
38
Calculate the highest common divisor of 88 and 3179.
11
What is the greatest common divisor of 85 and 6035?
85
What is the greatest common factor of 25 and 355?
5
What is the highest common divisor of 66 and 1650?
66
Calculate the greatest common factor of 3324 and 12.
12
Calculate the greatest common factor of 121 and 4.
1
What is the greatest common factor of 112 and 28?
28
Calculate the highest common factor of 330 and 198.
66
What is the greatest common factor of 45 and 54?
9
Calculate the highest common factor of 44 and 3982.
22
What is the greatest common factor of 17 and 153?
17
Calculate the greatest common divisor of 6 and 2802.
6
What is the greatest common divisor of 40 and 2824?
8
What is the greatest common divisor of 22 and 231?
1